1). Let b = 258 - j. Let y(i) = i**2 - 2*i - 2. Calculate y(b).
13
Let f = -178 + 175. Let r(n) = -3*n**2 - 6*n - 3. Let x(b) = 3*b**2 + 5*b + 3. Let u(m) = f*x(m) - 2*r(m). Determine u(3).
-39
Suppose w + 4*h - 7 = 6, 2*w = 4*h - 34. Let f(u) = -u**3 - 7*u**2 - u. Let c be f(-7). Let p(d) = 1322*d + 1323*d - 2646*d - c. Calculate p(w).
0
Let y(b) = b**2 - 19*b + 14. Suppose -44*g + 317 = -475. Give y(g).
-4
Let i(r) = r**3 - r**2 - 3. Let o(a) = -a**3 - 3*a**2 - 4*a - 11. Let f be o(-3). Suppose 23 + f = 8*y. What is i(y)?
15
Suppose 4*l - 2*p = 8*l + 30, 0 = 4*l - 5*p - 5. Let v(k) = 9*k + 13. Let i be v(l). Let t = i + 36. Let h(r) = -2*r + 3. What is h(t)?
-5
Suppose -4*r = -2*k - 2 - 10, -4*r - 2*k = -4. Let m(f) = -2 - 2*f**r + 5*f**2 - f + 2*f. Let n(u) = u**3 - 4*u**2 - 20*u + 73. Let p be n(5). What is m(p)?
8
Let p(i) = -11*i**2 + 31*i + 128. Let w(f) = -26*f**2 + 64*f + 253. Let c(g) = -14*p(g) + 6*w(g). Give c(-17).
-2
Let q(g) be the third derivative of g**4/24 - g**3 + g**2. Let p be 783/174*((-22)/21)/(6/(-14)). Calculate q(p).
5
Let h(f) = -f**3 + 668 - 40*f + 10*f - 685 - 309*f**2 + 296*f**2. Calculate h(-10).
-17
Suppose -3*u + 4*i = -13, -5*i = -5*u + 7 + 13. Suppose u*g = 2*w + 6*g + 29, -2*g = -5*w - 25. Let j(n) = -10 + n + 0*n - n**2 + 2*n**2 + 5*n. Give j(w).
-3
Let j(t) = 5*t + 1. Suppose -285*u + 963 - 2388 = 0. Give j(u).
-24
Let j = 11 - 8. Let l(r) = -1 + 0*r**2 + j - 10*r - r**2 + r. Let k = 80 + -88. Determine l(k).
10
Let a(o) = -85*o**2 - 11*o + 19. Let j(l) = 129*l**2 + 13*l - 19. Let t(p) = 3*a(p) + 2*j(p). Give t(5).
59
Let i(r) be the first derivative of -r**4/6 - r**3/2 + 124*r + 17. Let y(x) be the first derivative of i(x). Calculate y(-2).
-2
Let n = 3 - 5. Let k be (-3 - n)*-4 + -2. Suppose -2*o + k + 6 = 0, 5*p - 55 = -5*o. Let j(w) = -2*w. Give j(p).
-14
Let s(j) = 33*j - 75. Let v be s(12). Let t = v - 325. Let i(o) be the third derivative of -o**5/60 - o**4/4 - 5*o**3/6 - o**2. Give i(t).
3
Let w(j) = 897*j + 900*j + 20 + 898*j - 2694*j. Give w(-18).
2
Suppose -963 + 95 - 437 = -435*f. Let r(y) be the first derivative of y**2 + 3*y - 5/3*y**f - 1/4*y**4 + 24. Give r(-5).
-7
Suppose -3002 + 2994 = -b - d, 0 = -2*b - 3*d + 17. Let h(s) be the third derivative of -s**5/60 + s**4/6 + 5*s**3/3 + 3*s**2. Calculate h(b).
-11
Let s(h) = 5*h**2 + 18*h - 24. Let t(j) = 11*j**2 + 34*j - 51. Let y(m) = -9*s(m) + 4*t(m). Calculate y(-27).
-15
Let x(w) = w**2 - 2*w + 2. Let q = 1272 + -1186. Suppose 2*s = 3*s + 83. Let v = q + s. Give x(v).
5
Suppose -19*n + 609 = 10*n. Let t(j) = 6 - 3 - 20*j**3 + n*j**3 + 22*j**2 - 19*j**2. Calculate t(-3).
3
Let p(k) = 5*k + 354. Let v be p(-66). Let t(l) = l**2 - 29*l + 123. What is t(v)?
3
Let j(m) = 19 - m - 42 + 25. Let r(f) = -3*f**3 + 3*f**2 - 3*f + 1. Let z be r(2). Let w = -10 - z. Give j(w).
-5
Let h(m) = 6 + 470*m**2 - 5 - 16*m - 471*m**2. Let p(x) = -2*x + 2. Let q(t) = -h(t) + 4*p(t). What is q(-7)?
0
Let a(s) = -6*s**3 - 2*s**2 - 2*s - 1. Let z be a(-1). Let p(r) = -3467*r - 8. Let x(q) = 1734*q + 1. Let u(w) = p(w) + 2*x(w). Determine u(z).
-1
Suppose -340 = -23*h - 77*h - 140. Let z(u) = u**3 - u - 6. Determine z(h).
0
Let w(f) = f**3 + 6*f**2 + f - 15. Let b = 1828 - 1833. Give w(b).
5
Let k be (7 - (-208)/(-24))*42/14. Let z(u) = -u**2 + 2*u + 8. What is z(k)?
-27
Let r(j) be the second derivative of 0*j**2 + 0 - 1/6*j**4 + j + 11/3*j**3 - 7/120*j**5 + 1/360*j**6. Let u(y) be the second derivative of r(y). Give u(8).
4
Let t be -8 + (0 - -2) + -2. Let j(s) = -318*s**2 + 20*s - 20. Let p(x) = 29*x**2 - x + 2. Let z(v) = -j(v) - 11*p(v). Give z(t).
6
Let j(b) be the second derivative of b**5/20 + 2*b**4/3 + 7*b**3/3 + 3*b**2 - 1363*b. What is j(-6)?
-6
Let a be (8/5)/2*(1 + 4). Let p(n) = 5*n**2 - a*n**2 - 90*n + 86*n - 5. Suppose -3 - 17 = -4*k. Determine p(k).
0
Let u be ((-15)/(-12)*2)/((-98)/392). Let i(a) = a**3 + 11*a**2 + 12*a + 14. Give i(u).
-6
Let q(y) = y**2 - 2*y - 19. Let d be q(6). Let i be ((-24)/(-3) - 4) + -2 + d. Let p(w) = w**3 - 6*w**2 - 3*w - 4. What is p(i)?
24
Let b(w) = -2*w - 22. Let j be -1*(5 + 45/(-9)). Suppose 5*n + 689 - 654 = j. Give b(n).
-8
Let d be (15/6 - 0)*2. Let f(u) = -d + 3 + 5 - 9*u + 11*u. Let g(j) = -j**3 + 12*j**2 - 11*j - 5. Let i be g(11). Determine f(i).
-7
Let c(r) = r**2 - 3 + 66*r + 60*r - 128*r. Let w(z) = 6*z**2 + z. Let g be w(1). Give c(g).
32
Let n(u) = 6*u**3 + 2*u**2 + u. Let q = 5 + -11. Let o(k) = -13*k - 33. Let s(h) = -24*h - 65. Let d(r) = 7*o(r) - 4*s(r). Let t be d(q). Give n(t).
-5
Let b(h) = 8*h**2 - 10*h + 19. Let s(v) = 7*v**2 - 9*v + 4*v - 4*v - 39528 + 39544. Let a(t) = -6*b(t) + 7*s(t). Calculate a(4).
2
Let v(i) = -i**2 - i + 1. Let t(o) = -2*o**2 + o + 1. Let m(y) = t(y) - v(y). Suppose -4*b = -10 + 2. Calculate m(b).
0
Let z(g) = -g**3 - 14*g**2 - 40*g + 13. Let d be z(-10). Let l(x) = -x**3 + 11*x**2 + 24*x + 28. Let w be l(d). Let y(a) = -a + 2. Give y(w).
0
Let p(v) = -7 + 1296*v + 1264*v - 2604*v. What is p(-3)?
125
Let g = 75 + -79. Let i(r) = -5*r - 6 + r - 1 + 0*r + 2*r. Calculate i(g).
1
Let g(n) = n - 4*n + 4*n**2 + n + 2 - 2*n**2. Let v(q) = q**3 - 26*q**2 + 28*q - 78. Let i be v(25). Calculate g(i).
26
Suppose -4*u + 24 = -2*n, -3*n + 1 - 2 = u. Let y(q) be the first derivative of -4*q**2 + 1213. Give y(u).
-40
Suppose -12 = 2*p - 2*u, -5*p = -3*p - 5*u + 27. Let f be ((-6)/9)/(p + (-139)/(-141)). Let y(r) = f - 25 + r - 27. Calculate y(5).
0
Let h(j) = 14*j**2 - 51*j**3 + 28*j**3 + 22*j**3 - 30 - 5101*j + 5095*j - 56. Give h(13).
5
Let l(i) = -3*i - 106. Let x(a) = 6*a + 182. Let j(n) = -5*l(n) - 3*x(n). Calculate j(-9).
11
Let i(j) = j. Let o be (-4)/30 + 1484/105. Let h = 89 - 78. Let g = o - h. Calculate i(g).
3
Let d be (-112)/(-21) - (15/(-9) - -2). Let i(o) = 4 - 5 + 2 - d*o**2 - 2*o. Calculate i(1).
-6
Let z(a) = -2*a + 6. Let y(f) = -4*f + 15. Let p(r) = 2*y(r) - 5*z(r). Let b(m) = m**3 + 17*m**2 + m + 22. Let s be b(-17). Calculate p(s).
10
Let p be (2166/7942)/((-2)/(-44)). Let u(r) = 3*r + 31. Determine u(p).
49
Let x(f) be the first derivative of -15*f**2/2 - 78*f + 3320. Give x(-8).
42
Let v(o) = 6*o**3 + 11*o**2 - 6*o + 5. Let u(s) = 5*s + 4 - 8*s**2 - 8 - 6*s**3 + s + s**3. Let k(i) = 5*u(i) + 4*v(i). What is k(5)?
5
Let s be 47/(-9) - 8/(-36). Let n(y) = -16*y**2 - 10*y - 6. Let f(i) = -5*i**2 - i. Let w(k) = -3*f(k) + n(k). Determine w(s).
4
Let q(x) be the second derivative of 2*x**2 - 5/12*x**4 + 1/20*x**5 + 13*x + 1/2*x**3 + 0. Let m be q(3). Let n(t) = -t**3 - 5*t**2 - 2*t - 3. Determine n(m).
7
Suppose -3*t + 27*t - 121 = -25. Let d(s) be the second derivative of t*s**2 - 1/6*s**3 - 22*s + 0. Determine d(10).
-2
Suppose 0 = -3*u + 292 + 53. Suppose -3*h - 5*j + 95 = 0, -4*j + 9*j = 4*h - u. Let t(r) = 14*r + 14*r + 2 - h*r. Calculate t(6).
-10
Let m = -90 - -55. Let b be (-10)/m + (57/21)/1. Let d be (b - 3 - 1) + 2. Let w(u) = 2*u**3 - u**2 + u. Give w(d).
2
Let s = -16 + 6. Let x(k) = -5*k**3 + 9*k**2 - 18*k - 2. Let h(z) = 9*z**3 - 18*z**2 + 35*z + 6. Let a(v) = 6*h(v) + 11*x(v). Give a(s).
-6
Let u(s) = -12 + 6*s**2 - 4*s + 19 - s**2 - 23*s**3 + 2*s**2 + 22*s**3. Let f = -3 + 33. Suppose 12 = 6*h - f. Give u(h).
-21
Let f(u) = 30*u - 27. Let w(a) = -13*a + 13. Let c(j) = 4*f(j) + 9*w(j). Let t(m) = -m**2 + 4*m + 5. Let o be t(6). Calculate c(o).
-12
Let v be ((-264)/(-132))/(2/5). Let s(l) = -3*l**2 + 16*l - 8. What is s(v)?
-3
Let n(s) be the third derivative of s**5/60 - 5*s**4/8 - 25*s**3/3 - 5*s**2 + 8*s. What is n(18)?
4
Let z(o) = 5*o + 48. Let a(h) = 1. Let s(i) = -2*a(i) - 2*z(i). Let j be s(-9). Let v(r) = -r**3 - 9*r**2 - 8*r - 5. Calculate v(j).
-5
Suppose -2*x + 6 = -3*n, -x + 66 = 3*n + 81. Let t(z) = -z**2 - 19*z - 67. Calculate t(n).
-7
Suppose 14*w + 242 = 3*w. Let f be (w - -22)*1/(-1). Let p(u) = -u**2 + 8. Give p(f).
8
Let y(m) = 56393*m + 56394*m - 112812*m - 31 - m**2. Determine y(-24).
-7
Let z be (-40)/(-24)*-3 + 45. Suppose 6*y = y - p + z, 5*y = p + 50. Let o(q) = q - 8. What is o(y)?
1
Let y be 5*(10/(-5) - -3). Let x(g) = y*g**2 + g + 3258 + g - g**3 - 3263. What is x(5)?
5
Let w(s) = s**3 + 8*s**2 - 2*s - 11. Suppose -2*l - f = -259, 3*f - 293 = -2*l - 40. Let g = 123 - l. Give w(g).
5
Let f(c) = -7*c**2 - 11*c - 3. Let